{"id":767,"date":"2020-07-16T18:21:56","date_gmt":"2020-07-16T18:21:56","guid":{"rendered":"https:\/\/cunsol.edu.gt\/?page_id=767"},"modified":"2020-07-16T18:22:03","modified_gmt":"2020-07-16T18:22:03","slug":"carrera-de-derecho-seccion-san-juan-la-laguna","status":"publish","type":"page","link":"https:\/\/www.cunsol.edu.gt\/?page_id=767","title":{"rendered":"Carrera de Derecho Secci\u00f3n San Juan La Laguna"},"content":{"rendered":"\n<div class=\"wp-block-themeisle-blocks-advanced-columns has-1-columns has-desktop-equal-layout has-tablet-equal-layout has-mobile-equal-layout has-default-gap has-vertical-unset\" id=\"wp-block-themeisle-blocks-advanced-columns-62e4809e\"><div class=\"wp-block-themeisle-blocks-advanced-columns-overlay\"><\/div><div class=\"innerblocks-wrap\">\n<div class=\"wp-block-themeisle-blocks-advanced-column\" id=\"wp-block-themeisle-blocks-advanced-column-fe30766f\">\n<p>En fecha 14 de noviembre de 2012, en acta No. 22-2012, punto SEXTO, inciso 6.1 fue aprobada por el Consejo Superior Universitario, la creaci\u00f3n del Centro Universitario de Solol\u00e1 con funciones in\u00edciales a partir del a\u00f1o 2013.<\/p>\n\n\n\n<p>Luego de haberse realizado el estudio de pre-factibilidad para la creaci\u00f3n e implementaci\u00f3n del Centro Universitario de Solol\u00e1 por asignaci\u00f3n del Se\u00f1or Rector a la Coordinadora General de Planificaci\u00f3n.<\/p>\n\n\n\n<p>En dicha sesi\u00f3n el Consejo Superior Universitario anticip\u00f3 que las carreras que se implementar\u00edan en el Centro Universitario en 2013, ser\u00edan \u201cobjeto de estudio y an\u00e1lisis con opiniones de las instancias correspondientes, para luego ser presentadas para su consideraci\u00f3n y aprobaci\u00f3n ante ese \u00f3rgano de direcci\u00f3n\u201d.<\/p>\n\n\n\n<p>Se determin\u00f3 que las carreras con las que iniciar\u00eda el Centro Universitario en Solol\u00e1, ser\u00edan las de Licenciatura en Ciencias Jur\u00eddicas y Sociales, Abogac\u00eda y Notariado y Licenciatura en Auditor\u00eda.<\/p>\n\n\n\n<p>El Centro Universitario inicia funciones el 18 de marzo del a\u00f1o 2013 en la Escuela Tipo Federaci\u00f3n \u201cJos\u00e9 Vitelio Ral\u00f3n\u201d ubicada en la cabecera departamental de Solol\u00e1, por mandato del Se\u00f1or Rector Dr. Estuardo G\u00e1lvez.&nbsp;&nbsp; El d\u00eda 21 de marzo del 2013, se realiza el acto oficial de inauguraci\u00f3n en la CDAG de Solol\u00e1, teniendo la presencia de diferentes autoridades Universitarias y Departamentales.<\/p>\n\n\n\n<p>&nbsp;(TOMADO DE: PROYECTO DE CREACI\u00d3N, CARRERA DE DERECHO)<\/p>\n\n\n\n<p>Posteriormente, el 15 de junio del a\u00f1o 2016 en punto sexto, inciso 6.3 del Acta No 11-2016 de sesi\u00f3n extraordinaria celebrada por el Consejo Superior Universitario, es aprobada la Carrera de Trabajo Social en el grado de Licenciatura para iniciar funciones en el a\u00f1o 2017.<\/p>\n\n\n\n<p>A partir del a\u00f1o 2015, se iniciaron gestiones para la apertura de una Extensi\u00f3n del CUNSOL en uno de los municipios de la cuenca sur del Lago de Atitl\u00e1n, con el objetivo de darle oportunidades de estudios superiores a los j\u00f3venes de esta \u00e1rea.<\/p>\n\n\n\n<p>El principal acercamiento fue con el Alcalde electo del municipio de San Juan La Laguna, Sr. Antonio Chavajay Ixtamer.<\/p>\n\n\n\n<p>En el a\u00f1o 2016 se logr\u00f3 la aprobaci\u00f3n de la Extensi\u00f3n del CUNSOL en San Juan La Laguna, por parte de las Autoridades Universitarias.<\/p>\n\n\n\n<p>Enero de 2017, inicia a funcionar la Extensi\u00f3n con las Carreras de Licenciatura en Ciencias Jur\u00eddicas y Sociales, Abogac\u00eda y Notariado; y Licenciatura en Contadur\u00eda P\u00fablica y Auditor\u00eda.<\/p>\n\n\n\n<p>EN LA CARRERA DE \u201cDERECHO \u201c<\/p>\n\n\n\n<ul class=\"wp-block-list\"><li>CONTAMOS CON UN EQUIPO DE DOCENTES ALTAMENTE CAPACITADOS<\/li><li>CON EL MEJOR DESEO DE APOYARTE EN TU PREPARACI\u00d3N PROFESIONAL Y,<\/li><\/ul>\n\n\n\n<p>EN UN EDIFICIO CERCA DE TI<\/p>\n\n\n\n<p>EL CAMPO DE TRABAJO ES MUY AMPLIO Y TE PUEDES DESEMPE\u00d1AR COMO:<\/p>\n\n\n\n<ul class=\"wp-block-list\"><li>ASESOR JUR\u00cdDICO<\/li><li>ABOGADO LITIGANTE<\/li><li>DEFENSOR P\u00daBLICO<\/li><li>FISCAL DEL MINISTERIO P\u00daBLICO<\/li><li>MAGISTRADO DEL ORGANISMO JUDICIAL<\/li><li>JUEZ DE UN \u00d3RGANO JURISDICCIONAL<\/li><li>DOCENTE UNIVERSITARIO<\/li><\/ul>\n\n\n\n<p>ENTRE OTRAS&#8230;<\/p>\n<\/div>\n<\/div><\/div>\n\n\n\n<figure class=\"wp-block-gallery columns-3 is-cropped wp-block-gallery-1 is-layout-flex wp-block-gallery-is-layout-flex\"><ul class=\"blocks-gallery-grid\"><li class=\"blocks-gallery-item\"><figure><img fetchpriority=\"high\" decoding=\"async\" width=\"1024\" height=\"768\" src=\"https:\/\/cunsol.edu.gt\/wp-content\/uploads\/2020\/07\/WhatsApp-Image-2020-07-13-at-7.54.45-PM-1024x768.jpeg\" alt=\"\" data-id=\"768\" data-full-url=\"https:\/\/cunsol.edu.gt\/wp-content\/uploads\/2020\/07\/WhatsApp-Image-2020-07-13-at-7.54.45-PM.jpeg\" data-link=\"https:\/\/cunsol.edu.gt\/?attachment_id=768\" class=\"wp-image-768\" srcset=\"https:\/\/www.cunsol.edu.gt\/wp-content\/uploads\/2020\/07\/WhatsApp-Image-2020-07-13-at-7.54.45-PM-1024x768.jpeg 1024w, https:\/\/www.cunsol.edu.gt\/wp-content\/uploads\/2020\/07\/WhatsApp-Image-2020-07-13-at-7.54.45-PM-300x225.jpeg 300w, https:\/\/www.cunsol.edu.gt\/wp-content\/uploads\/2020\/07\/WhatsApp-Image-2020-07-13-at-7.54.45-PM-768x576.jpeg 768w, https:\/\/www.cunsol.edu.gt\/wp-content\/uploads\/2020\/07\/WhatsApp-Image-2020-07-13-at-7.54.45-PM.jpeg 1280w\" sizes=\"(max-width: 1024px) 100vw, 1024px\" \/><\/figure><\/li><li class=\"blocks-gallery-item\"><figure><img decoding=\"async\" width=\"1024\" height=\"576\" src=\"https:\/\/cunsol.edu.gt\/wp-content\/uploads\/2020\/07\/WhatsApp-Image-2020-07-13-at-7.49.28-PM-1024x576.jpeg\" alt=\"\" data-id=\"769\" data-full-url=\"https:\/\/cunsol.edu.gt\/wp-content\/uploads\/2020\/07\/WhatsApp-Image-2020-07-13-at-7.49.28-PM.jpeg\" data-link=\"https:\/\/cunsol.edu.gt\/?attachment_id=769\" class=\"wp-image-769\" srcset=\"https:\/\/www.cunsol.edu.gt\/wp-content\/uploads\/2020\/07\/WhatsApp-Image-2020-07-13-at-7.49.28-PM-1024x576.jpeg 1024w, https:\/\/www.cunsol.edu.gt\/wp-content\/uploads\/2020\/07\/WhatsApp-Image-2020-07-13-at-7.49.28-PM-300x169.jpeg 300w, https:\/\/www.cunsol.edu.gt\/wp-content\/uploads\/2020\/07\/WhatsApp-Image-2020-07-13-at-7.49.28-PM-768x432.jpeg 768w, https:\/\/www.cunsol.edu.gt\/wp-content\/uploads\/2020\/07\/WhatsApp-Image-2020-07-13-at-7.49.28-PM.jpeg 1280w\" sizes=\"(max-width: 1024px) 100vw, 1024px\" \/><\/figure><\/li><li class=\"blocks-gallery-item\"><figure><img decoding=\"async\" width=\"1024\" height=\"768\" src=\"https:\/\/cunsol.edu.gt\/wp-content\/uploads\/2020\/07\/WhatsApp-Image-2020-07-13-at-7.54.46-PM-1024x768.jpeg\" alt=\"\" data-id=\"770\" data-full-url=\"https:\/\/cunsol.edu.gt\/wp-content\/uploads\/2020\/07\/WhatsApp-Image-2020-07-13-at-7.54.46-PM.jpeg\" data-link=\"https:\/\/cunsol.edu.gt\/?attachment_id=770\" class=\"wp-image-770\" srcset=\"https:\/\/www.cunsol.edu.gt\/wp-content\/uploads\/2020\/07\/WhatsApp-Image-2020-07-13-at-7.54.46-PM-1024x768.jpeg 1024w, https:\/\/www.cunsol.edu.gt\/wp-content\/uploads\/2020\/07\/WhatsApp-Image-2020-07-13-at-7.54.46-PM-300x225.jpeg 300w, https:\/\/www.cunsol.edu.gt\/wp-content\/uploads\/2020\/07\/WhatsApp-Image-2020-07-13-at-7.54.46-PM-768x576.jpeg 768w, https:\/\/www.cunsol.edu.gt\/wp-content\/uploads\/2020\/07\/WhatsApp-Image-2020-07-13-at-7.54.46-PM.jpeg 1280w\" sizes=\"(max-width: 1024px) 100vw, 1024px\" \/><\/figure><\/li><li class=\"blocks-gallery-item\"><figure><img loading=\"lazy\" decoding=\"async\" width=\"1024\" height=\"577\" src=\"https:\/\/cunsol.edu.gt\/wp-content\/uploads\/2020\/07\/WhatsApp-Image-2020-07-13-at-7.54.30-PM-1024x577.jpeg\" alt=\"\" data-id=\"771\" data-full-url=\"https:\/\/cunsol.edu.gt\/wp-content\/uploads\/2020\/07\/WhatsApp-Image-2020-07-13-at-7.54.30-PM.jpeg\" data-link=\"https:\/\/cunsol.edu.gt\/?attachment_id=771\" class=\"wp-image-771\" srcset=\"https:\/\/www.cunsol.edu.gt\/wp-content\/uploads\/2020\/07\/WhatsApp-Image-2020-07-13-at-7.54.30-PM-1024x577.jpeg 1024w, https:\/\/www.cunsol.edu.gt\/wp-content\/uploads\/2020\/07\/WhatsApp-Image-2020-07-13-at-7.54.30-PM-300x169.jpeg 300w, https:\/\/www.cunsol.edu.gt\/wp-content\/uploads\/2020\/07\/WhatsApp-Image-2020-07-13-at-7.54.30-PM-768x433.jpeg 768w, https:\/\/www.cunsol.edu.gt\/wp-content\/uploads\/2020\/07\/WhatsApp-Image-2020-07-13-at-7.54.30-PM.jpeg 1280w\" sizes=\"(max-width: 1024px) 100vw, 1024px\" \/><\/figure><\/li><li class=\"blocks-gallery-item\"><figure><img loading=\"lazy\" decoding=\"async\" width=\"1024\" height=\"768\" src=\"https:\/\/cunsol.edu.gt\/wp-content\/uploads\/2020\/07\/WhatsApp-Image-2020-07-13-at-7.54.38-PM-1024x768.jpeg\" alt=\"\" data-id=\"772\" data-full-url=\"https:\/\/cunsol.edu.gt\/wp-content\/uploads\/2020\/07\/WhatsApp-Image-2020-07-13-at-7.54.38-PM.jpeg\" data-link=\"https:\/\/cunsol.edu.gt\/?attachment_id=772\" class=\"wp-image-772\" srcset=\"https:\/\/www.cunsol.edu.gt\/wp-content\/uploads\/2020\/07\/WhatsApp-Image-2020-07-13-at-7.54.38-PM-1024x768.jpeg 1024w, https:\/\/www.cunsol.edu.gt\/wp-content\/uploads\/2020\/07\/WhatsApp-Image-2020-07-13-at-7.54.38-PM-300x225.jpeg 300w, https:\/\/www.cunsol.edu.gt\/wp-content\/uploads\/2020\/07\/WhatsApp-Image-2020-07-13-at-7.54.38-PM-768x576.jpeg 768w, https:\/\/www.cunsol.edu.gt\/wp-content\/uploads\/2020\/07\/WhatsApp-Image-2020-07-13-at-7.54.38-PM.jpeg 1280w\" sizes=\"(max-width: 1024px) 100vw, 1024px\" \/><\/figure><\/li><li class=\"blocks-gallery-item\"><figure><img loading=\"lazy\" decoding=\"async\" width=\"1024\" height=\"497\" src=\"https:\/\/cunsol.edu.gt\/wp-content\/uploads\/2020\/07\/WhatsApp-Image-2020-07-13-at-7.54.46-PM-1-2-1024x497.jpeg\" alt=\"\" data-id=\"773\" data-full-url=\"https:\/\/cunsol.edu.gt\/wp-content\/uploads\/2020\/07\/WhatsApp-Image-2020-07-13-at-7.54.46-PM-1-2.jpeg\" data-link=\"https:\/\/cunsol.edu.gt\/?attachment_id=773\" class=\"wp-image-773\" srcset=\"https:\/\/www.cunsol.edu.gt\/wp-content\/uploads\/2020\/07\/WhatsApp-Image-2020-07-13-at-7.54.46-PM-1-2-1024x497.jpeg 1024w, https:\/\/www.cunsol.edu.gt\/wp-content\/uploads\/2020\/07\/WhatsApp-Image-2020-07-13-at-7.54.46-PM-1-2-300x146.jpeg 300w, https:\/\/www.cunsol.edu.gt\/wp-content\/uploads\/2020\/07\/WhatsApp-Image-2020-07-13-at-7.54.46-PM-1-2-768x373.jpeg 768w, https:\/\/www.cunsol.edu.gt\/wp-content\/uploads\/2020\/07\/WhatsApp-Image-2020-07-13-at-7.54.46-PM-1-2.jpeg 1280w\" sizes=\"(max-width: 1024px) 100vw, 1024px\" \/><\/figure><\/li><\/ul><\/figure>\n","protected":false},"excerpt":{"rendered":"","protected":false},"author":1,"featured_media":0,"parent":0,"menu_order":0,"comment_status":"closed","ping_status":"closed","template":"","meta":{"site-sidebar-layout":"default","site-content-layout":"","ast-site-content-layout":"default","site-content-style":"default","site-sidebar-style":"default","ast-global-header-display":"","ast-banner-title-visibility":"","ast-main-header-display":"","ast-hfb-above-header-display":"","ast-hfb-below-header-display":"","ast-hfb-mobile-header-display":"","site-post-title":"","ast-breadcrumbs-content":"","ast-featured-img":"","footer-sml-layout":"","ast-disable-related-posts":"","theme-transparent-header-meta":"","adv-header-id-meta":"","stick-header-meta":"","header-above-stick-meta":"","header-main-stick-meta":"","header-below-stick-meta":"","astra-migrate-meta-layouts":"default","ast-page-background-enabled":"default","ast-page-background-meta":{"desktop":{"background-color":"","background-image":"","background-repeat":"repeat","background-position":"center center","background-size":"auto","background-attachment":"scroll","background-type":"","background-media":"","overlay-type":"","overlay-color":"","overlay-opacity":"","overlay-gradient":""},"tablet":{"background-color":"","background-image":"","background-repeat":"repeat","background-position":"center center","background-size":"auto","background-attachment":"scroll","background-type":"","background-media":"","overlay-type":"","overlay-color":"","overlay-opacity":"","overlay-gradient":""},"mobile":{"background-color":"","background-image":"","background-repeat":"repeat","background-position":"center center","background-size":"auto","background-attachment":"scroll","background-type":"","background-media":"","overlay-type":"","overlay-color":"","overlay-opacity":"","overlay-gradient":""}},"ast-content-background-meta":{"desktop":{"background-color":"var(--ast-global-color-5)","background-image":"","background-repeat":"repeat","background-position":"center center","background-size":"auto","background-attachment":"scroll","background-type":"","background-media":"","overlay-type":"","overlay-color":"","overlay-opacity":"","overlay-gradient":""},"tablet":{"background-color":"var(--ast-global-color-5)","background-image":"","background-repeat":"repeat","background-position":"center center","background-size":"auto","background-attachment":"scroll","background-type":"","background-media":"","overlay-type":"","overlay-color":"","overlay-opacity":"","overlay-gradient":""},"mobile":{"background-color":"var(--ast-global-color-5)","background-image":"","background-repeat":"repeat","background-position":"center center","background-size":"auto","background-attachment":"scroll","background-type":"","background-media":"","overlay-type":"","overlay-color":"","overlay-opacity":"","overlay-gradient":""}},"footnotes":""},"class_list":["post-767","page","type-page","status-publish","hentry"],"_links":{"self":[{"href":"https:\/\/www.cunsol.edu.gt\/index.php?rest_route=\/wp\/v2\/pages\/767","targetHints":{"allow":["GET"]}}],"collection":[{"href":"https:\/\/www.cunsol.edu.gt\/index.php?rest_route=\/wp\/v2\/pages"}],"about":[{"href":"https:\/\/www.cunsol.edu.gt\/index.php?rest_route=\/wp\/v2\/types\/page"}],"author":[{"embeddable":true,"href":"https:\/\/www.cunsol.edu.gt\/index.php?rest_route=\/wp\/v2\/users\/1"}],"replies":[{"embeddable":true,"href":"https:\/\/www.cunsol.edu.gt\/index.php?rest_route=%2Fwp%2Fv2%2Fcomments&post=767"}],"version-history":[{"count":1,"href":"https:\/\/www.cunsol.edu.gt\/index.php?rest_route=\/wp\/v2\/pages\/767\/revisions"}],"predecessor-version":[{"id":774,"href":"https:\/\/www.cunsol.edu.gt\/index.php?rest_route=\/wp\/v2\/pages\/767\/revisions\/774"}],"wp:attachment":[{"href":"https:\/\/www.cunsol.edu.gt\/index.php?rest_route=%2Fwp%2Fv2%2Fmedia&parent=767"}],"curies":[{"name":"wp","href":"https:\/\/api.w.org\/{rel}","templated":true}]}}